53 (base 6) to base 2
-1110110101001
-1c35 (base 14) to base 4
-1100113
-1441 (base 5) to base 12
-186
Convert 659 (base 11) to base 13.
48a
Convert 5180 (base 10) to base 8.
12074
112121 (base 3) to base 12
28a
-142254 (base 7) to base 15
-8109
-7b42 (base 15) to base 7
-136163
What is 1324 (base 8) in base 9?
884
-1001000001 (base 2) to base 3
-210101
What is -111111011111 (base 2) in base 6?
-30451
What is -1010010110001111 (base 2) in base 5?
-2324013
What is 11322 (base 4) in base 3?
112000
Convert 364 (base 11) to base 13.
274
What is -1503 (base 8) in base 3?
-1010221
Convert 6395 (base 14) to base 2.
100001100011111
What is -393 (base 10) in base 9?
-476
Convert 1130301 (base 4) to base 15.
1b5c
Convert -1404142 (base 5) to base 10.
-28672
What is -12166 (base 9) in base 14?
-2d8c
23a6 (base 12) to base 13
1a9a
Convert 2001201 (base 3) to base 12.
a54
92 (base 16) to base 11
123
314 (base 10) to base 13
1b2
382 (base 10) to base 16
17e
What is 70 (base 16) in base 15?
77
Convert 441150 (base 7) to base 12.
38863
3022132 (base 4) to base 11
9810
-1965 (base 11) to base 6
-15311
What is 200111 (base 3) in base 11?
414
1654 (base 11) to base 6
13444
Convert -1207 (base 14) to base 12.
-199b
Convert -2a1c (base 15) to base 14.
-340b
What is -643 (base 9) in base 3?
-201110
149b (base 14) to base 4
321101
-1121 (base 12) to base 14
-997
What is 4970 (base 14) in base 2?
11001000100110
Convert -3dc0 (base 16) to base 6.
-201104
What is -710 (base 9) in base 16?
-240
23000 (base 4) to base 12
4a8
Convert 5c (base 14) to base 8.
122
2b5 (base 15) to base 3
211222
What is 109 (base 14) in base 2?
11001101
Convert -4131 (base 10) to base 14.
-1711
Convert 3030 (base 11) to base 7.
14511
-18d9 (base 15) to base 16
-1503
Convert 13b95 (base 12) to base 2.
110101111100001
What is 5da (base 14) in base 16?
494
Convert -24251 (base 7) to base 2.
-1100010100100
Convert -153533 (base 7) to base 16.
-759e
-100550 (base 6) to base 13
-3834
What is -171 (base 13) in base 4?
-10011
What is -11101100100 (base 2) in base 11?
-1470
Convert -140 (base 16) to base 9.
-385
789 (base 11) to base 6
4212
What is -114131 (base 5) in base 2?
-1000011000011
What is -e3 (base 15) in base 5?
-1323
1719 (base 10) to base 7
5004
What is -18cc (base 16) in base 14?
-2456
What is -268c7 (base 13) in base 9?
-118458
1950 (base 10) to base 13
b70
What is -19 (base 15) in base 10?
-24
What is -20104 (base 8) in base 6?
-102124
3201411 (base 5) to base 4
31001230
What is 221001000 (base 3) in base 5?
1041002
What is 2132323 (base 4) in base 13?
4825
What is -22024 (base 9) in base 13?
-6853
Convert -3101022 (base 5) to base 9.
-75687
546 (base 12) to base 13
477
Convert 152 (base 16) to base 10.
338
What is 969 (base 15) in base 8?
4114
5b1 (base 14) to base 3
1120001
-2022102 (base 3) to base 7
-4625
Convert -102352 (base 7) to base 9.
-26221
158a (base 15) to base 3
20100111
Convert -3077 (base 10) to base 9.
-4188
Convert -96 (base 15) to base 11.
-119
What is 12122110 (base 3) in base 12?
2470
401133 (base 5) to base 6
134352
1227 (base 10) to base 5
14402
What is 101042 (base 5) in base 3?
11111012
What is -2248 (base 12) in base 6?
-25332
What is 2123123 (base 4) in base 12?
590b
-20214 (base 6) to base 16
-a72
11011 (base 3) to base 5
422
-569 (base 12) to base 5
-11201
What is 14340 (base 8) in base 6?
45252
121111 (base 4) to base 9
2201
Convert 185 (base 13) to base 7.
545
What is 21039 (base 10) in base 6?
241223
Convert 663 (base 10) to base 3.
220120
Convert -1112100 (base 3) to base 2.
-10001011100
7512 (base 9) to base 4
1112033
What is -111110 (base 2) in base 12?
-52
What is 1506 (base 7) in base 4?
21102
Convert -6151 (base 10) to base 16.
-1807
Convert 8170 (base 10) to base 13.
3946
What is -332 (base 6) in base 2?
-10000000
Convert -88 (base 16) to base 8.
-210
Convert -1650 (base 8) to base 14.
-4ac
What is 45227 (base 9) in base 12?
154a4
Convert -27580 (base 9) to base 3.
-221122200
615 (base 7) to base 12
216
What is 4d29 (base 14) in base 13?
6232
258 (base 16) to base 5
4400
-8303 (base 10) to base 8
-20157
Convert -146 (base 13) to base 2.
-11100011
Convert 3480 (base 9) to base 12.
15b3
What is 2395 (base 15) in base 5?
220230
What is 541 (base 8) in base 4?
11201
1330012 (base 5) to base 12
13682
Convert 12102002 (base 4) to base 7.
135005
-3311 (base 5) to base 8
-710
Convert 2c9 (base 15) to base 8.
1177
-e7b (base 16) to base 10
-3707
-b06 (base 16) to base 9
-3775
1132113 (base 4) to base 13
2997
-2bde (base 16) to base 2
-10101111011110
2528 (base 9) to base 7
5336
Convert -5d4 (base 14) to base 9.
-1535
-11011001011001 (base 2) to base 10
-13913
42034 (base 9) to base 5
1341413
Convert -10024 (base 5) to base 10.
-639
What is 712 (base 16) in base 9?
2431
Convert 1035 (base 12) to base 10.
1769
Convert -111235 (base 8) to base 6.
-445433
-257 (base 10) to base 8
-401
Convert -121102 (base 4) to base 13.
-976
Convert 119 (base 13) to base 9.
232
3121 (base 5) to base 16
19b
Convert -21103 (base 4) to base 9.
-731
Convert 1245 (base 6) to base 14.
189
What is 219d (base 16) in base 13?
3bbc
Convert -22c (base 13) to base 10.
-376
What is -1301 (base 14) in base 16?
-d05
-118b (base 12) to base 11
-153a
Convert -110011100111 (base 2) to base 11.
-2533
888 (base 13) to base 2
10110111000
-1746 (base 8) to base 12
-6b2
230120 (base 4) to base 15
c95
What is -18a (base 15) in base 8?
-543
616b (base 12) to base 10
10595
Convert c2 (base 16) to base 14.
dc
-1244 (base 5) to base 14
-103
37125 (base 8) to base 15
4adc
What is -1112514 (base 6) in base 3?
-2212022001
What is -4363 (base 11) in base 14?
-2152
122012 (base 3) to base 2
111010000
What is -11110001111 (base 2) in base 9?
-2580
Convert -11111122 (base 3) to base 12.
-1a98
Convert 1664 (base 10) to base 12.
b68
What is -1746 (base 8) in base 13?
-5ba
Convert -4858 (base 12) to base 14.
-2d6c
What is 14a1b (base 12) in base 6?
342435
-333b (base 12) to base 16
-161f
What is 221355 (base 7) in base 14?
1029c
-1012120 (base 3) to base 2
-1101101111
What is -b18 (base 16) in base 8?
-5430
Convert -b748 (base 13) to base 12.
-12856
1884 (base 10) to base 7
5331
Convert 2243 (base 10) to base 7.
6353
Convert 15787 (base 10) to base 2.
11110110101011
100001010 (base 2) to base 8
412
-1200120100 (base 3) to base 13
-12174
Convert -13652 (base 7) to base 6.
-25225
Convert 157665 (base 8) to base 7.
325652
What is -1 (base 7) in base 6?
-1
404 (base 11) to base 7
1265
What is 10000000 (base 2) in base 13?
9b
What is -124d7 (base 16) in base 5?
-4344332
What is -122222010 (base 3) in base 9?
-18863
-46e (base 16) to base 12
-7a6
-113061 (base 7) to base 9
-30733
aa0 (base 11) to base 10
1320
What is 11421 (base 5) in base 6?
3553
Convert 71300 (base 8) to base 2.
111001011000000
-25 (base 14) to base 5
-113
-3a6a (base 11) to base 16
-149f
What is 3005 (base 7) in base 9?
1368
Convert 71 (base 11) to base 12.
66
-11228 (base 13) to base 5
-1444010
-890 (base 12) to base 13
-75c
256224 (base 7) to base 14
135bb
What is -1202110011 (base 3) in base 11?
-23a97
What is 2b1 (base 13) in base 9?
585
11000010000000 (base 2) to base 16
3080
Convert -850 (base 15) to base 3.
-2120110
-13675 (base 9) to base 11
-6a97
Convert -204 (base 7) to base 14.
-74
What is -2054 (base 6) in base 11?
-394
-2b1 (base 15) to base 13
-385
Convert a30 (base 15) to base 13.
1077
110100011001 (base 2) to base 12
1b35
What is -31ee (base 16) in base 3?
-122112102
Convert 876 (base 13) to base 9.
1880
What is 302331 (base 5) in base 16?
25f4
What is 308 (base 10) in base 13?
1a9
What is -11070 (base 9) in base 11?
-5585
Convert 1b4 (base 12) to base 15.
13a
25786 (base 10) to base 7
135115
10b6 (base 13) to base 9
3186
Convert -15 (base 6) to base 13.
-b
Convert 2a5 (base 15) to base 7.
1523
What is -615 (base 7) in base 2?
-100110010
Convert 211002110 (base 3) to base 8.
37350
8702 (base 15) to base 8
67641
What is 94c (base 15) in base 4?
200301
Convert -1346 (base 11) to base 2.
-11011010000
What is -232011 (base 5) in base 14?
-30a9
-1558 (base 11) to base 8
-3717
Convert 210110 (base 3) to base 15.
289
Convert -1006 (base 8) to base 14.
-290
-1945 (base 12) to base 15
-da2
425 (base 14) to base 4
30301
Convert 595a (base